ctor of x and f?
1
Suppose 0 = 4*v + v - 10. Suppose -4*d + 41 = -0*d - z, 4*z = -2*d - 2. Let o be d/(2/4 + 0). What is the greatest common divisor of v and o?
2
Suppose 0 = -4*n + n + 27. Suppose 0 = -3*h - 0*h + n. Suppose 2 = -h*b + 14, 0 = -5*i - 2*b + 83. What is the greatest common divisor of i and 105?
15
Suppose 44*z - 40*z - 252 = 0. Calculate the highest common factor of z and 42.
21
Let z = -8 + 8. Let n(k) = -6 + 3*k**3 + z*k**3 + 9*k - 4*k**3 + 6*k**2. Let h be n(7). Calculate the greatest common factor of 64 and h.
8
Suppose -23*x = -15*x - 504. What is the highest common divisor of 27 and x?
9
Suppose 0 = 3*f - 4*f + 11. Calculate the highest common divisor of 11 and f.
11
Let y = 11 - 33. Let c = 43 + y. Calculate the greatest common factor of 7 and c.
7
Let y(q) = 18*q**2 - 2*q + 1. Let g be y(1). Let k be 854/10 - 8/20. What is the highest common factor of g and k?
17
Suppose 2*l + l = 108. Calculate the greatest common factor of 12 and l.
12
Let s(m) = 5*m**2 - m. Let d be s(-4). Calculate the highest common factor of 12 and d.
12
Let d be 145/(-2) + 2/4. Suppose 2*i + 119 = 23. Let h = i - d. Calculate the greatest common divisor of 36 and h.
12
Suppose 3*t - 12 - 24 = 0. Suppose -14*s + t*s = -64. What is the highest common factor of 8 and s?
8
Suppose -3*u - 24 = -v, -5*u = -v + 19 + 21. Let x = u + 11. Let b be 10 + -3 - -1*2. Calculate the greatest common factor of x and b.
3
Suppose 18 = 5*i - 57. Suppose 0 = -5*s - 4*p - 7 + 18, 0 = 4*s - 3*p - i. Suppose c - s = 12. What is the greatest common factor of 5 and c?
5
Let i be 6 + 1 + 0 + -1. Let f be (32/(-12))/((-4)/i). Suppose 207 = 5*s - 5*a - 423, 0 = -f*a - 20. Calculate the highest common factor of 11 and s.
11
Let b = 5 - 1. Suppose 0 = 3*j - 3*c - 45, -2*c - c = 5*j - 59. Suppose -y = 3*u - j - 12, 3*y + 4*u - 50 = 0. What is the greatest common factor of b and y?
2
Let q = -18 + 7. Let x = q + 16. What is the greatest common factor of 35 and x?
5
Let d be 2/(-7) - (-1655)/35. Let q = d + -18. Suppose 3*k = q - 2. Calculate the highest common divisor of k and 63.
9
Suppose 4*s + 1 - 17 = 0. Let y(t) = -2 + 2 - 2 + 11*t. Let k be y(s). Calculate the greatest common divisor of k and 6.
6
Let s(r) = -17*r**3. Let g be s(-1). Let v = g + -2. Calculate the highest common factor of v and 135.
15
Let c = 10 - 5. Suppose -4*p + 5*m + 41 = 0, -p + 4*m = -2*p + c. What is the greatest common factor of p and 81?
9
Suppose -j - 2 = -3, 0 = -c + 2*j. Suppose -5*y = c*l - 8, -y = -3*l + 3*y + 12. Let a be (-1)/(-4) - (-141)/12. Calculate the highest common factor of l and a.
4
Let m(o) = o**2 - o + 5. Let u be m(-5). Calculate the greatest common factor of 5 and u.
5
Suppose -3 = 3*b + 4*y - 5, 4*y = -4*b + 8. What is the highest common factor of b and 42?
6
Let m be ((-22)/4 + -1)*-10. Suppose 0 = -9*i + 4*i + m. What is the greatest common factor of 117 and i?
13
Suppose 4*j = 6*j - 44. Suppose 4*z - 33 = -6*f + 3*f, 3*z + 11 = f. What is the greatest common divisor of j and f?
11
Let l be (-1)/3*(-1 + -29). Let u = 3 + -38. Let z = u - -55. Calculate the highest common divisor of z and l.
10
Let o = -10 + 10. Suppose 4*i - 20 = o, 2*q + 1 = -0*q + i. Calculate the greatest common divisor of q and 18.
2
Let l(t) = t**2 - 4*t + 4. Let q = 10 + -7. Let y be l(q). Calculate the greatest common divisor of 1 and y.
1
Let b(s) = -10*s - 2. Let m(t) = -4*t**2 - 2*t + 1. Let f be m(1). Let x be b(f). What is the highest common factor of 32 and x?
16
Suppose p = 2*p + c, 0 = 2*p + 5*c. Suppose p = -4*d + f + 285, 4*d = f + 2*f + 279. Let t = 5 - -4. What is the highest common divisor of t and d?
9
Let q = -37 + 47. Calculate the greatest common factor of q and 70.
10
Let p be ((-334)/(-7))/1 + 4/14. Calculate the greatest common factor of p and 12.
12
Let v(m) = 41*m + 1. Let g be v(1). Let p be 0 - 5*3/3. Let a = p - -11. What is the highest common divisor of a and g?
6
Let x be 18/(-153) + 140/34. What is the highest common divisor of 28 and x?
4
Let u = 74 - 61. Let p be (-1 - -2 - -20) + 0. Let v be p/(-6)*26/(-1). What is the greatest common factor of v and u?
13
Suppose 0 = -4*z - 12, -3*h + 2*h + 2*z = -30. What is the highest common factor of 32 and h?
8
Suppose -5*y - 3*v = 4, 3*v = 4*y - 3 - 10. Suppose 5*k - 2*z + 6*z = 1, 2*k + 5*z = -3. What is the highest common divisor of k and y?
1
Let r be ((-104)/20)/((-1)/5). What is the greatest common factor of r and 286?
26
Let d(f) = -3*f + 1. Let a be d(-1). Let s(v) = 5*v - 2 + 0*v + 0*v + a*v**3. Let m be s(3). What is the highest common factor of m and 11?
11
Suppose 9 = y + 3. Suppose -6*m - y = -3*m. Let i be (-177)/(-15) - m/10. Calculate the highest common factor of i and 84.
12
Let s(z) = -z - 3. Let j be s(-4). Let o be (j - 3) + 3 + 29. Calculate the greatest common factor of 6 and o.
6
Let y be 2*9/6 + -1. Suppose -y*d = 6, 3*p - 2*d - 15 = -0*d. Let b = 51 + p. What is the greatest common factor of 36 and b?
18
Let s(d) = d**2 - 2*d + 2. Suppose -2*q = -3*c + 3*q - 8, 3*q - 12 = 0. Let v be s(c). Calculate the greatest common factor of 10 and v.
10
Suppose 4*f = 2*f + 16. Calculate the greatest common factor of f and 72.
8
Let g be (-4)/(-14) - 1368/(-14). Suppose 5*p - 13*p = -112. What is the greatest common factor of g and p?
14
Suppose 0 = 7*u - 3*u, 0 = 4*g - 5*u - 72. What is the greatest common divisor of 45 and g?
9
Let u(y) = -3*y - 5. Let w be u(-4). Suppose -12*c + w*c = -525. Calculate the highest common factor of 15 and c.
15
Let x = 6 - 4. Suppose -x*c + 0*c + 62 = 0. What is the highest common factor of c and 31?
31
Let x = 21 + -20. What is the highest common factor of x and 1?
1
Let k(s) = -7*s**3 + s. Let m = 5 - 3. Let z be k(m). Let y be (-1 + -1)/(4/z). Calculate the greatest common divisor of y and 18.
9
Let l be 51 + (1 - (4 - 0)). Let m(d) = 2*d**2 + 2*d. Let t be m(3). Calculate the greatest common factor of l and t.
24
Suppose -2*b + 196 = 2*b. Suppose 3*i - 21 = -0. What is the greatest common factor of b and i?
7
Suppose b - r - 11 = 0, 0*r - 5*r = 5*b - 85. What is the highest common factor of b and 14?
14
Suppose i = -u + 17, 6*u + 26 = 3*i + 4*u. Let v be (-1)/(-1 + 2)*-4. Calculate the greatest common divisor of i and v.
4
Let b(x) = -x**2 + 6*x - 2. Let r be b(4). Let m be 2/(-4)*48/(-4). Suppose 3*z - u - 80 = -m*u, z - 36 = 3*u. Calculate the highest common divisor of r and z.
6
Let r be 32/(-10)*(-65)/26. Calculate the highest common divisor of 1 and r.
1
Let x be (22/(-8))/((-2)/8). What is the greatest common factor of 44 and x?
11
Let p be (-1)/((-10)/(-8))*5. Let w be (11/p)/(2/(-8)). Suppose -58 = 3*d - 4*x - 433, -2*x + 478 = 4*d. Calculate the highest common factor of d and w.
11
Let o be 3/9 - 2/(-3). Let m(x) = 2 - 1 + 10*x - o. Let n be m(1). What is the highest common factor of n and 110?
10
Let f(u) = 4*u + 2. Let l be f(4). Suppose o + 3 - l = 0. Suppose -4*w + 5*q + 39 = 0, -4 + 25 = 3*w - q. What is the highest common divisor of w and o?
3
Let y be 24/14 + 2/7. Suppose y = -2*n + 4*n. Calculate the highest common divisor of 9 and n.
1
Suppose 0 = f - 4*x + 18, 2*f - 3*x + 9 = -f. Suppose -4*a + 2*h + 3 = -43, f*a = -h + 17. What is the greatest common divisor of a and 30?
10
Suppose 0 = 2*d - 5*d + 2*v + 97, 2*v = -4*d + 134. Calculate the greatest common factor of 264 and d.
33
Let v be (154/3)/((-4)/(-12)). Calculate the highest common divisor of 22 and v.
22
Suppose 4*l - 16 - 20 = 0. Calculate the greatest common factor of l and 81.
9
Let k be 2/5 + (-26)/(-10). Suppose -2*l = -4*h - 18, k*l - 3*h = 11 + 13. What is the highest common divisor of l and 28?
7
Suppose -6*v + 3*v + 36 = 0. Suppose 0 = 3*f + 3*k - 108, -2*k + 180 = 5*f - 4*k. Calculate the greatest common factor of v and f.
12
Suppose -2*m = -4*q - 76, -5*q + 3*q = 5*m - 166. Calculate the highest common factor of m and 2.
2
Suppose -4*z + 0*z + 25 = 5*g, -1 = -g. Let m be 2/4*(z + 3). What is the highest common factor of m and 1?
1
Let y = 26 - 9. Let f = 21 - y. What is the greatest common divisor of 36 and f?
4
Let h(x) = -x + 7. Let m be h(-8). Suppose -m = 3*d - 8*d. Suppose -92 = -d*i + 43. What is the highest common divisor of 9 and i?
9
Let b(t) = t**3 + 3*t - 3. Let h be b(3). Suppos